
335
In base 9, what is 3666 + 14?
3681
In base 15, what is -4 + 17305?
17301
In base 2, what is -10000000 - 11001110?
-101001110
In base 14, what is 9 + -33145?
-3313a
In base 7, what is -10 - 114534?
-114544
In base 4, what is 120020 + 32?
120112
In base 16, what is 3 - 4899?
-4896
In base 8, what is -13722 - 75?
-14017
In base 11, what is 30312 - 4?
30309
In base 9, what is 104 + -577?
-473
In base 10, what is -774382 + -6?
-774388
In base 3, what is 1021120 + -2020?
1012100
In base 11, what is -809 + -1a41?
-274a
In base 5, what is -12341343 - 10?
-12341403
In base 2, what is 111100101111 - -1?
111100110000
In base 13, what is 3 - -13cb4?
13cb7
In base 15, what is -5 - -4ba4?
4b9e
In base 13, what is 3508 - 63?
3475
In base 3, what is -21 + -2120202212?
-2120210010
In base 7, what is -4 - -10150426?
10150422
In base 12, what is -696 + -1a4?
-87a
In base 13, what is -4 - -a487a?
a4876
In base 15, what is 3c2 - -1?
3c3
In base 15, what is -386 - -db?
-29a
In base 10, what is -68 - -39?
-29
In base 15, what is -2 + -13a6?
-13a8
In base 5, what is -1343100 - -302?
-1342243
In base 16, what is -5 + 73e4?
73df
In base 4, what is 111130010 + -10?
111130000
In base 11, what is -8 + -189a?
-18a7
In base 2, what is 100100 - -100001101100000?
100001110000100
In base 13, what is 116919 - -4?
116920
In base 10, what is -668 - 712?
-1380
In base 16, what is 6d6e5 + 1?
6d6e6
In base 5, what is 2412412 - -21?
2412433
In base 3, what is 100102010 + -20?
100101220
In base 12, what is -4 + b284?
b280
In base 4, what is 23032 - -300?
23332
In base 12, what is -9 - -7349b?
73492
In base 6, what is 1 - 1245133?
-1245132
In base 10, what is -1647837 - -1?
-1647836
In base 9, what is -8201301 + -3?
-8201304
In base 10, what is -23619 + 2?
-23617
In base 10, what is 0 - -1995?
1995
In base 4, what is -110 + -10333220?
-10333330
In base 10, what is -3 + 1034683?
1034680
In base 12, what is -16 - -2312b?
23115
In base 13, what is -12 + -1ba?
-1cc
In base 13, what is -39c15 - 1?
-39c16
In base 16, what is dc + 20?
fc
In base 10, what is -118630 + 0?
-118630
In base 7, what is 55 + -4240?
-4152
In base 2, what is 1 - -1000010001001110?
1000010001001111
In base 12, what is 35 + 272b?
2764
In base 16, what is -5 + 23ca?
23c5
In base 3, what is -1221110 - 10001?
-2001111
In base 12, what is 0 + 8416?
8416
In base 6, what is 5140125 + -1?
5140124
In base 5, what is 24133 - 2401?
21232
In base 8, what is 3 + 562?
565
In base 3, what is 10121020222 - 10?
10121020212
In base 3, what is 1100100 - -120?
1100220
In base 9, what is -5 + 474831?
474825
In base 4, what is 1310 - -1300?
3210
In base 2, what is -11 - -1011001101101?
1011001101010
In base 5, what is -120 + 240?
120
In base 9, what is -6 - 1618?
-1625
In base 7, what is 2366231 + 5?
2366236
In base 6, what is 523123 + 5?
523132
In base 3, what is 12011 - -1022201?
1111212
In base 10, what is -15634 + 9?
-15625
In base 16, what is -d92b - 27?
-d952
In base 14, what is -bc3c - -4c?
-bbd0
In base 3, what is -12001100201002 + 11?
-12001100200221
In base 11, what is -3a2 - 76a?
-1061
In base 5, what is -343 + 1123043?
1122200
In base 10, what is 2 - 3480?
-3478
In base 15, what is -43b + -6?
-442
In base 14, what is 1a48 - 17a?
18ac
In base 5, what is 0 - 10001?
-10001
In base 16, what is 316c + 6b?
31d7
In base 15, what is 17 + -43e?
-427
In base 4, what is -1010 - -11013?
10003
In base 6, what is -4413 + 10221?
1404
In base 9, what is -1708 - 737?
-2546
In base 9, what is 4204038 - -2?
4204041
In base 9, what is -7862884 - -5?
-7862878
In base 5, what is -212 - 14420?
-20132
In base 7, what is 13315 + -4210?
6105
In base 2, what is -1011100 - -111100010000?
111010110100
In base 2, what is 110011000001 + -11010010010?
11000101111
In base 7, what is 10 + -135320?
-135310
In base 4, what is 100 + 102322?
103022
In base 9, what is -1006 + 656?
-240
In base 15, what is 9da + -7ed?
1dc
In base 11, what is 142a93 - 3?
142a90
In base 7, what is 10454445 - -2?
10454450
In base 15, what is 2 - -902a6?
902a8
In base 9, what is 424210 - 8?
424201
In base 9, what is 4 + -4273?
-4268
In base 6, what is 5 - -253035?
253044
In base 3, what is -21 - 101111112012?
-101111112110
In base 4, what is -113 - -12002101?
12001322
In base 8, what is 123732 + 0?
123732
In base 6, what is -3 - -232343?
232340
In base 15, what is 1 - -37360?
37361
In base 13, what is -1279b + 7?
-12794
In base 5, what is -42120 + 101?
-42014
In base 3, what is -102112 + 2201211?
2022022
In base 13, what is a + -3c96b?
-3c961
In base 16, what is 5 - 6153?
-614e
In base 11, what is 366 + 68?
423
In base 15, what is -30011 - -8?
-30008
In base 14, what is -2 - 3139?
-313b
In base 16, what is -17ee + a6?
-1748
In base 8, what is 207037 + 2?
207041
In base 5, what is -10414 - 141?
-11110
In base 14, what is -1 - 1954?
-1955
In base 4, what is 31113 + -2231?
22222
In base 11, what is -5 - -49434?
4942a
In base 5, what is -234040 + -3?
-234043
In base 2, what is 101 - 100111111010001000?
-100111111010000011
In base 11, what is -185 - 461?
-636
In base 4, what is -11331101 + 131?
-11330310
In base 9, what is -33 + 87212?
87168
In base 3, what is 2001202111 + -10?
2001202101
In base 9, what is 27 - -11326?
11354
In base 9, what is 5217838 + -1?
5217837
In base 3, what is 21022 + -11001?
10021
In base 11, what is -33 - 359?
-391
In base 14, what is -5c - 301?
-35d
In base 10, what is 29 + -2971?
-2942
In base 7, what is -4221 - 13?
-4234
In base 6, what is 5 + -131431?
-131422
In base 14, what is 2d3 - 102?
1d1
In base 5, what is 114000023 + 10?
114000033
In base 15, what is 3c25b - -5?
3c261
In base 14, what is -18 - -104a?
1032
In base 11, what is 57 + 313a6?
31452
In base 13, what is -6708 + 183?
-6555
In base 2, what is 110111 + 10101101100?
10110100011
In base 14, what is -6d - -7c0?
751
In base 8, what is -107 - 545?
-654
In base 6, what is -2214 - 120?
-2334
In base 10, what is -25007 + -5?
-25012
In base 11, what is -3 + -736456?
-736459
In base 13, what is 2 - -4ba3?
4ba5
In base 15, what is 6 - -266c7?
266cd
In base 8, what is -64 + 2060?
1774
In base 6, what is 5 - 1215220?
-1215211
In base 4, what is 101 - 1321031?
-1320330
In base 9, what is 15 + -1047?
-1032
In base 10, what is -7470 - 6?
-7476
In base 7, what is 3122 - -16?
3141
In base 13, what is 2040c - -2?
20411
In base 14, what is 3209 + -33?
31b6
In base 6, what is 2 - 14120414?
-14120412
In base 9, what is 4 - 110170?
-110165
In base 10, what is -11665 - -1?
-11664
In base 10, what is 3926 + -157?
3769
In base 10, what is -1 + -146548?
-146549
In base 11, what is 82 - -103?
185
In base 3, what is 2220 + 20122111?
20202101
In base 4, what is 130 + -210322?
-210132
In base 3, what is -10 + 22122222111?
22122222101
In base 11, what is 4a32 + 26?
4a58
In base 13, what is -a80 - 65?
-b15
In base 5, what is -1404444 + 0?
-1404444
In base 14, what is 2078 + -5?
2073
In base 7, what is -5 + -342650?
-342655
In base 15, what is 32e - 414?
-d5
In base 6, what is -2 + -31415334?
-31415340
In base 4, what is 120 + -1012?
-232
In base 8, what is -22 - -1463?
1441
In base 5, what is 3 - -22311?
22314
In base 6, what is -5 - 225453?
-225502
In base 5, what is -10 + 13212?
13202
In base 3, what is -1112220 + 22?
-1112121
In base 8, what is -3 - 21171?
-21174
In base 5, what is 43 + 1400234?
1400332
In base 16, what is -8e + -d?
-9b
In base 5, what is 1213 + -33?
1130
In base 5, what is -1332 + -2323?
-4210
In base 10, what is 9 - 831?
-822
In base 12, what is 31 + -165?
-134
In base 10, what is 28408 - -11?
28419
In base 13, what is 5 - -1022c4?
1022c9
In base 14, what is 6 + -667?
-661
In base 8, what is -5 + 4570?
4563
In base 10, what is -5756 + -79?
-5835
In base 16, what is -17d9 - -24?
-17b5
In base 8, what is -16750 - -16?
-16732
In base 6, what is 521 + 1525?
2450
In base 4, what is 1132010 - 112?
1131232
In base 8, what is 7672 - 12?
7660
In base 12, what is a8 + 17a?
266
In base 10, what is 282174 + 1?
282175
In base 10, what is 0 + -79278?
-79278
In base 8, what is -17 + -7067?
-7106
In base 11, what is -3860 + 0?
-3860
In base 8, what is 1572 - 71?
1501
In base 9, what is 16 + 14240?
14256
In base 2, what is -11 - -101110001000101?
101110001000010
In base 12, what is 9757 - 5?
9752
In base 15, what is -